{"id":258,"date":"2024-05-01T13:00:21","date_gmt":"2024-05-01T16:00:21","guid":{"rendered":"https:\/\/neurograff.com.br\/?page_id=258"},"modified":"2026-04-01T13:45:09","modified_gmt":"2026-04-01T16:45:09","slug":"produtos","status":"publish","type":"page","link":"https:\/\/neurograff.com.br\/?page_id=258","title":{"rendered":"Produtos"},"content":{"rendered":"\t\t<div data-elementor-type=\"wp-page\" data-elementor-id=\"258\" class=\"elementor elementor-258\" data-elementor-post-type=\"page\">\n\t\t\t\t<div class=\"jet-tricks-particles-section elementor-element elementor-element-bdf3090 e-flex e-con-boxed e-con e-parent\" data-id=\"bdf3090\" data-element_type=\"container\" data-e-type=\"container\" data-settings=\"{&quot;background_background&quot;:&quot;classic&quot;,&quot;jet_parallax_layout_list&quot;:[]}\">\n\t\t\t\t\t<div class=\"e-con-inner\">\n\t\t<div class=\"elementor-element elementor-element-440846f e-con-full e-flex e-con e-child\" data-id=\"440846f\" data-element_type=\"container\" data-e-type=\"container\" data-settings=\"{&quot;background_background&quot;:&quot;classic&quot;,&quot;jet_parallax_layout_list&quot;:[]}\">\n\t\t\t\t<div class=\"elementor-element elementor-element-44b2b54 elementor-product-loop-item--align-center elementor-grid-4 elementor-grid-tablet-3 elementor-grid-mobile-2 elementor-products-grid elementor-wc-products elementor-widget elementor-widget-woocommerce-products\" data-id=\"44b2b54\" data-element_type=\"widget\" data-e-type=\"widget\" data-widget_type=\"woocommerce-products.default\">\n\t\t\t\t<div class=\"elementor-widget-container\">\n\t\t\t\t\t<div class=\"woocommerce columns-4 \"><ul class=\"products elementor-grid columns-4\">\n<li class=\"product type-product post-4575 status-publish first instock product_cat-acessorios has-post-thumbnail shipping-taxable product-type-simple\">\n\t<a href=\"https:\/\/neurograff.com.br\/?product=conjunto-de-eletrodos-1m\" class=\"woocommerce-LoopProduct-link woocommerce-loop-product__link\"><img fetchpriority=\"high\" decoding=\"async\" width=\"300\" height=\"300\" src=\"https:\/\/neurograff.com.br\/wp-content\/uploads\/2024\/05\/image-2-1-300x300.png\" class=\"attachment-woocommerce_thumbnail size-woocommerce_thumbnail\" alt=\"\" srcset=\"https:\/\/neurograff.com.br\/wp-content\/uploads\/2024\/05\/image-2-1-300x300.png 300w, https:\/\/neurograff.com.br\/wp-content\/uploads\/2024\/05\/image-2-1-150x150.png 150w, https:\/\/neurograff.com.br\/wp-content\/uploads\/2024\/05\/image-2-1-100x100.png 100w\" sizes=\"(max-width: 300px) 100vw, 300px\" \/><h2 class=\"woocommerce-loop-product__title\">Conjunto de eletrodos &#8211; 1m<\/h2>\n<\/a><div class=\"woocommerce-loop-product__buttons\"><a href=\"https:\/\/neurograff.com.br\/?product=conjunto-de-eletrodos-1m\" data-quantity=\"1\" class=\"button product_type_simple\" data-product_id=\"4575\" data-product_sku=\"\" aria-label=\"Read more about &ldquo;Conjunto de eletrodos - 1m&rdquo;\" aria-describedby=\"\" rel=\"nofollow\">Ver Produto<\/a><\/div><\/li>\n<li class=\"product type-product post-4574 status-publish instock product_cat-acessorios has-post-thumbnail shipping-taxable product-type-simple\">\n\t<a href=\"https:\/\/neurograff.com.br\/?product=conjunto-de-eletrodos-80cm\" class=\"woocommerce-LoopProduct-link woocommerce-loop-product__link\"><img decoding=\"async\" width=\"300\" height=\"300\" src=\"https:\/\/neurograff.com.br\/wp-content\/uploads\/2024\/05\/image-3-1-300x300.png\" class=\"attachment-woocommerce_thumbnail size-woocommerce_thumbnail\" alt=\"\" srcset=\"https:\/\/neurograff.com.br\/wp-content\/uploads\/2024\/05\/image-3-1-300x300.png 300w, https:\/\/neurograff.com.br\/wp-content\/uploads\/2024\/05\/image-3-1-150x150.png 150w, https:\/\/neurograff.com.br\/wp-content\/uploads\/2024\/05\/image-3-1-100x100.png 100w\" sizes=\"(max-width: 300px) 100vw, 300px\" \/><h2 class=\"woocommerce-loop-product__title\">Conjunto de eletrodos &#8211; 80cm<\/h2>\n<\/a><div class=\"woocommerce-loop-product__buttons\"><a href=\"https:\/\/neurograff.com.br\/?product=conjunto-de-eletrodos-80cm\" data-quantity=\"1\" class=\"button product_type_simple\" data-product_id=\"4574\" data-product_sku=\"\" aria-label=\"Read more about &ldquo;Conjunto de eletrodos - 80cm&rdquo;\" aria-describedby=\"\" rel=\"nofollow\">Ver Produto<\/a><\/div><\/li>\n<li class=\"product type-product post-4573 status-publish instock product_cat-acessorios has-post-thumbnail shipping-taxable product-type-simple\">\n\t<a href=\"https:\/\/neurograff.com.br\/?product=pasta-condutora\" class=\"woocommerce-LoopProduct-link woocommerce-loop-product__link\"><img decoding=\"async\" width=\"300\" height=\"300\" src=\"https:\/\/neurograff.com.br\/wp-content\/uploads\/2024\/05\/pasta-condutora-300x300.png\" class=\"attachment-woocommerce_thumbnail size-woocommerce_thumbnail\" alt=\"\" srcset=\"https:\/\/neurograff.com.br\/wp-content\/uploads\/2024\/05\/pasta-condutora-300x300.png 300w, https:\/\/neurograff.com.br\/wp-content\/uploads\/2024\/05\/pasta-condutora-150x150.png 150w, https:\/\/neurograff.com.br\/wp-content\/uploads\/2024\/05\/pasta-condutora-100x100.png 100w\" sizes=\"(max-width: 300px) 100vw, 300px\" \/><h2 class=\"woocommerce-loop-product__title\">Pasta condutora<\/h2>\n<\/a><div class=\"woocommerce-loop-product__buttons\"><a href=\"https:\/\/neurograff.com.br\/?product=pasta-condutora\" data-quantity=\"1\" class=\"button product_type_simple\" data-product_id=\"4573\" data-product_sku=\"\" aria-label=\"Read more about &ldquo;Pasta condutora&rdquo;\" aria-describedby=\"\" rel=\"nofollow\">Ver Produto<\/a><\/div><\/li>\n<li class=\"product type-product post-4556 status-publish last instock product_cat-produtos-sivec has-post-thumbnail shipping-taxable product-type-simple\">\n\t<a href=\"https:\/\/neurograff.com.br\/?product=sivec-plus-ex\" class=\"woocommerce-LoopProduct-link woocommerce-loop-product__link\"><img loading=\"lazy\" decoding=\"async\" width=\"300\" height=\"300\" src=\"https:\/\/neurograff.com.br\/wp-content\/uploads\/2024\/05\/22222-300x300.png\" class=\"attachment-woocommerce_thumbnail size-woocommerce_thumbnail\" alt=\"\" srcset=\"https:\/\/neurograff.com.br\/wp-content\/uploads\/2024\/05\/22222-300x300.png 300w, https:\/\/neurograff.com.br\/wp-content\/uploads\/2024\/05\/22222-150x150.png 150w, https:\/\/neurograff.com.br\/wp-content\/uploads\/2024\/05\/22222-100x100.png 100w\" sizes=\"(max-width: 300px) 100vw, 300px\" \/><h2 class=\"woocommerce-loop-product__title\">Sivec Plus &#8211; EX<\/h2>\n<\/a><div class=\"woocommerce-loop-product__buttons\"><a href=\"https:\/\/neurograff.com.br\/?product=sivec-plus-ex\" data-quantity=\"1\" class=\"button product_type_simple\" data-product_id=\"4556\" data-product_sku=\"\" aria-label=\"Read more about &ldquo;Sivec Plus - EX&rdquo;\" aria-describedby=\"\" rel=\"nofollow\">Ver Produto<\/a><\/div><\/li>\n<li class=\"product type-product post-4552 status-publish first instock product_cat-produtos-sivec has-post-thumbnail shipping-taxable product-type-simple\">\n\t<a href=\"https:\/\/neurograff.com.br\/?product=sivec-plus-vx\" class=\"woocommerce-LoopProduct-link woocommerce-loop-product__link\"><img loading=\"lazy\" decoding=\"async\" width=\"300\" height=\"300\" src=\"https:\/\/neurograff.com.br\/wp-content\/uploads\/2024\/05\/asasasa-300x300.png\" class=\"attachment-woocommerce_thumbnail size-woocommerce_thumbnail\" alt=\"\" srcset=\"https:\/\/neurograff.com.br\/wp-content\/uploads\/2024\/05\/asasasa-300x300.png 300w, https:\/\/neurograff.com.br\/wp-content\/uploads\/2024\/05\/asasasa-150x150.png 150w, https:\/\/neurograff.com.br\/wp-content\/uploads\/2024\/05\/asasasa-100x100.png 100w\" sizes=\"(max-width: 300px) 100vw, 300px\" \/><h2 class=\"woocommerce-loop-product__title\">Sivec Plus &#8211; VX<\/h2>\n<\/a><div class=\"woocommerce-loop-product__buttons\"><a href=\"https:\/\/neurograff.com.br\/?product=sivec-plus-vx\" data-quantity=\"1\" class=\"button product_type_simple\" data-product_id=\"4552\" data-product_sku=\"\" aria-label=\"Read more about &ldquo;Sivec Plus - VX&rdquo;\" aria-describedby=\"\" rel=\"nofollow\">Ver Produto<\/a><\/div><\/li>\n<\/ul>\n<\/div>\t\t\t\t<\/div>\n\t\t\t\t<\/div>\n\t\t\t\t<\/div>\n\t\t\t\t\t<\/div>\n\t\t\t\t<\/div>\n\t\t<div class=\"jet-tricks-particles-section elementor-element elementor-element-59c441af e-flex e-con-boxed e-con e-parent\" data-id=\"59c441af\" data-element_type=\"container\" data-e-type=\"container\" data-settings=\"{&quot;jet_parallax_layout_list&quot;:[],&quot;background_background&quot;:&quot;classic&quot;}\">\n\t\t\t\t\t<div class=\"e-con-inner\">\n\t\t<div class=\"elementor-element elementor-element-7b971e52 e-con-full e-flex e-con e-child\" data-id=\"7b971e52\" data-element_type=\"container\" data-e-type=\"container\" data-settings=\"{&quot;jet_parallax_layout_list&quot;:[]}\">\n\t\t\t\t<div class=\"elementor-element elementor-element-6fa89c0b elementor-widget elementor-widget-heading\" data-id=\"6fa89c0b\" data-element_type=\"widget\" data-e-type=\"widget\" data-widget_type=\"heading.default\">\n\t\t\t\t<div class=\"elementor-widget-container\">\n\t\t\t\t\t<h2 class=\"elementor-heading-title elementor-size-default\">Avalia\u00e7\u00f5es dos clientes.<\/h2>\t\t\t\t<\/div>\n\t\t\t\t<\/div>\n\t\t\t\t<\/div>\n\t\t<div class=\"elementor-element elementor-element-2f935785 e-con-full e-flex e-con e-child\" data-id=\"2f935785\" data-element_type=\"container\" data-e-type=\"container\" data-settings=\"{&quot;jet_parallax_layout_list&quot;:[]}\">\n\t\t<div class=\"elementor-element elementor-element-7ba3b50a e-con-full e-flex e-con e-child\" data-id=\"7ba3b50a\" data-element_type=\"container\" data-e-type=\"container\" data-settings=\"{&quot;jet_parallax_layout_list&quot;:[]}\">\n\t\t\t\t<div class=\"elementor-element elementor-element-5f9b532 elementor-star-rating--align-start elementor--star-style-star_fontawesome elementor-widget elementor-widget-star-rating\" data-id=\"5f9b532\" data-element_type=\"widget\" data-e-type=\"widget\" data-widget_type=\"star-rating.default\">\n\t\t\t\t<div class=\"elementor-widget-container\">\n\t\t\t\t\t\t\t<div class=\"elementor-star-rating__wrapper\">\n\t\t\t\t\t\t<div class=\"elementor-star-rating\" itemtype=\"http:\/\/schema.org\/Rating\" itemscope=\"\" itemprop=\"reviewRating\">\n\t\t\t\t<i class=\"elementor-star-full\" aria-hidden=\"true\">&#xE934;<\/i><i class=\"elementor-star-full\" aria-hidden=\"true\">&#xE934;<\/i><i class=\"elementor-star-full\" aria-hidden=\"true\">&#xE934;<\/i><i class=\"elementor-star-full\" aria-hidden=\"true\">&#xE934;<\/i><i class=\"elementor-star-full\" aria-hidden=\"true\">&#xE934;<\/i>\t\t\t\t<span itemprop=\"ratingValue\" class=\"elementor-screen-only\">Classificado como 5 de 5<\/span>\n\t\t\t<\/div>\n\t\t<\/div>\n\t\t\t\t\t\t<\/div>\n\t\t\t\t<\/div>\n\t\t\t\t<div class=\"elementor-element elementor-element-5acd47f9 elementor-blockquote--skin-clean elementor-blockquote--align-left elementor-widget elementor-widget-blockquote\" data-id=\"5acd47f9\" data-element_type=\"widget\" data-e-type=\"widget\" data-widget_type=\"blockquote.default\">\n\t\t\t\t<div class=\"elementor-widget-container\">\n\t\t\t\t\t\t\t<blockquote class=\"elementor-blockquote\">\n\t\t\t<p class=\"elementor-blockquote__content\">\n\t\t\t\tO Sivec Plus \u00e9 excelente! Aumentou minha produtividade e \u00e9 f\u00e1cil de usar. Recomendo!\t\t\t<\/p>\n\t\t\t\t\t\t\t<div class=\"e-q-footer\">\n\t\t\t\t\t\t\t\t\t\t\t<cite class=\"elementor-blockquote__author\">Pedro g.<\/cite>\n\t\t\t\t\t\t\t\t\t\t\t\t\t\t<\/div>\n\t\t\t\t\t<\/blockquote>\n\t\t\t\t\t\t<\/div>\n\t\t\t\t<\/div>\n\t\t\t\t<\/div>\n\t\t<div class=\"elementor-element elementor-element-17b56cff e-flex e-con-boxed e-con e-child\" data-id=\"17b56cff\" data-element_type=\"container\" data-e-type=\"container\" data-settings=\"{&quot;jet_parallax_layout_list&quot;:[]}\">\n\t\t\t\t\t<div class=\"e-con-inner\">\n\t\t\t\t<div class=\"elementor-element elementor-element-4b61dc3e elementor-star-rating--align-start elementor--star-style-star_fontawesome elementor-widget elementor-widget-star-rating\" data-id=\"4b61dc3e\" data-element_type=\"widget\" data-e-type=\"widget\" data-widget_type=\"star-rating.default\">\n\t\t\t\t<div class=\"elementor-widget-container\">\n\t\t\t\t\t\t\t<div class=\"elementor-star-rating__wrapper\">\n\t\t\t\t\t\t<div class=\"elementor-star-rating\" itemtype=\"http:\/\/schema.org\/Rating\" itemscope=\"\" itemprop=\"reviewRating\">\n\t\t\t\t<i class=\"elementor-star-full\" aria-hidden=\"true\">&#xE934;<\/i><i class=\"elementor-star-full\" aria-hidden=\"true\">&#xE934;<\/i><i class=\"elementor-star-full\" aria-hidden=\"true\">&#xE934;<\/i><i class=\"elementor-star-full\" aria-hidden=\"true\">&#xE934;<\/i><i class=\"elementor-star-full\" aria-hidden=\"true\">&#xE934;<\/i>\t\t\t\t<span itemprop=\"ratingValue\" class=\"elementor-screen-only\">Classificado como 5 de 5<\/span>\n\t\t\t<\/div>\n\t\t<\/div>\n\t\t\t\t\t\t<\/div>\n\t\t\t\t<\/div>\n\t\t\t\t<div class=\"elementor-element elementor-element-383a140c elementor-blockquote--skin-clean elementor-blockquote--align-left elementor-widget elementor-widget-blockquote\" data-id=\"383a140c\" data-element_type=\"widget\" data-e-type=\"widget\" data-widget_type=\"blockquote.default\">\n\t\t\t\t<div class=\"elementor-widget-container\">\n\t\t\t\t\t\t\t<blockquote class=\"elementor-blockquote\">\n\t\t\t<p class=\"elementor-blockquote__content\">\n\t\t\t\tO Sivec Plus superou minhas expectativas! Recomendo sem hesitar.\t\t\t<\/p>\n\t\t\t\t\t\t\t<div class=\"e-q-footer\">\n\t\t\t\t\t\t\t\t\t\t\t<cite class=\"elementor-blockquote__author\">Freddy<\/cite>\n\t\t\t\t\t\t\t\t\t\t\t\t\t\t<\/div>\n\t\t\t\t\t<\/blockquote>\n\t\t\t\t\t\t<\/div>\n\t\t\t\t<\/div>\n\t\t\t\t\t<\/div>\n\t\t\t\t<\/div>\n\t\t\t\t<\/div>\n\t\t\t\t\t<\/div>\n\t\t\t\t<\/div>\n\t\t\t\t<\/div>\n\t\t","protected":false},"excerpt":{"rendered":"<p>Avalia\u00e7\u00f5es dos clientes. &#xE934;&#xE934;&#xE934;&#xE934;&#xE934; Classificado como 5 de 5 O Sivec Plus \u00e9 excelente! Aumentou minha produtividade e \u00e9 f\u00e1cil de usar. Recomendo! Pedro g. &#xE934;&#xE934;&#xE934;&#xE934;&#xE934; Classificado como 5 de 5 O Sivec Plus superou minhas expectativas! Recomendo sem hesitar. Freddy<\/p>\n","protected":false},"author":1,"featured_media":0,"parent":0,"menu_order":0,"comment_status":"closed","ping_status":"closed","template":"elementor_header_footer","meta":{"_jet_sm_ready_style":"","_jet_sm_style":"","_jet_sm_controls_values":"","_jet_sm_fonts_collection":"","_jet_sm_fonts_links":"","footnotes":""},"class_list":["post-258","page","type-page","status-publish","hentry"],"_links":{"self":[{"href":"https:\/\/neurograff.com.br\/index.php?rest_route=\/wp\/v2\/pages\/258","targetHints":{"allow":["GET"]}}],"collection":[{"href":"https:\/\/neurograff.com.br\/index.php?rest_route=\/wp\/v2\/pages"}],"about":[{"href":"https:\/\/neurograff.com.br\/index.php?rest_route=\/wp\/v2\/types\/page"}],"author":[{"embeddable":true,"href":"https:\/\/neurograff.com.br\/index.php?rest_route=\/wp\/v2\/users\/1"}],"replies":[{"embeddable":true,"href":"https:\/\/neurograff.com.br\/index.php?rest_route=%2Fwp%2Fv2%2Fcomments&post=258"}],"version-history":[{"count":355,"href":"https:\/\/neurograff.com.br\/index.php?rest_route=\/wp\/v2\/pages\/258\/revisions"}],"predecessor-version":[{"id":8216,"href":"https:\/\/neurograff.com.br\/index.php?rest_route=\/wp\/v2\/pages\/258\/revisions\/8216"}],"wp:attachment":[{"href":"https:\/\/neurograff.com.br\/index.php?rest_route=%2Fwp%2Fv2%2Fmedia&parent=258"}],"curies":[{"name":"wp","href":"https:\/\/api.w.org\/{rel}","templated":true}]}}